factors of 667833?
3, 31, 43, 167
What are the prime factors of 257597?
173, 1489
What are the prime factors of 367287?
3, 23, 5323
List the prime factors of 3171167.
149, 21283
List the prime factors of 755258.
2, 7, 73, 739
What are the prime factors of 79824?
2, 3, 1663
List the prime factors of 326281.
17, 1129
What are the prime factors of 464495?
5, 92899
What are the prime factors of 1156733?
41, 89, 317
List the prime factors of 277757.
277757
What are the prime factors of 572072?
2, 43, 1663
What are the prime factors of 600019?
7, 85717
List the prime factors of 528843.
3, 7, 25183
What are the prime factors of 7527928?
2, 41, 59, 389
What are the prime factors of 4781853?
3, 487, 1091
List the prime factors of 629716.
2, 157429
List the prime factors of 396630.
2, 3, 5, 13, 113
List the prime factors of 3143789.
11, 181, 1579
What are the prime factors of 1613031?
3, 7, 10973
What are the prime factors of 306521?
23, 13327
List the prime factors of 71382.
2, 3, 11897
What are the prime factors of 5303086?
2, 1523, 1741
List the prime factors of 446003.
446003
What are the prime factors of 2272312?
2, 7, 40577
What are the prime factors of 114548?
2, 7, 4091
What are the prime factors of 2310485?
5, 462097
List the prime factors of 4167639.
3, 7, 22051
List the prime factors of 5647203.
3, 53, 11839
List the prime factors of 729089.
29, 31, 811
What are the prime factors of 4989811?
4989811
List the prime factors of 300877.
300877
List the prime factors of 402569.
23, 761
List the prime factors of 749329.
7, 167, 641
What are the prime factors of 4492750?
2, 5, 17971
What are the prime factors of 12087574?
2, 233, 25939
What are the prime factors of 48420?
2, 3, 5, 269
What are the prime factors of 389569?
389569
List the prime factors of 135943.
67, 2029
What are the prime factors of 810703?
47, 367
List the prime factors of 6913163.
107, 64609
What are the prime factors of 14305056?
2, 3, 149011
What are the prime factors of 7308846?
2, 3, 135349
What are the prime factors of 413607?
3, 137869
What are the prime factors of 10673202?
2, 3, 41, 43, 1009
List the prime factors of 7617705.
3, 5, 167, 3041
List the prime factors of 27415032.
2, 3, 599, 1907
List the prime factors of 110362.
2, 7, 7883
What are the prime factors of 1043341?
13, 17, 4721
What are the prime factors of 2335941?
3, 277, 937
List the prime factors of 3501637.
3501637
What are the prime factors of 8933238?
2, 3, 496291
What are the prime factors of 10640509?
11, 967319
List the prime factors of 17118220.
2, 5, 7, 122273
What are the prime factors of 1155261?
3, 385087
What are the prime factors of 9595364?
2, 43, 55787
List the prime factors of 5159403.
3, 191089
What are the prime factors of 72948?
2, 3, 6079
List the prime factors of 3496296.
2, 3, 145679
What are the prime factors of 2914374?
2, 3, 485729
List the prime factors of 57431.
11, 23, 227
What are the prime factors of 2522702?
2, 7, 13, 83, 167
What are the prime factors of 1224304?
2, 76519
What are the prime factors of 13611512?
2, 1701439
What are the prime factors of 560109?
3, 11, 1543
List the prime factors of 1318838.
2, 659419
List the prime factors of 1601673.
3, 59, 9049
List the prime factors of 233907.
3, 77969
List the prime factors of 1589177.
17, 93481
List the prime factors of 6914477.
71, 97387
What are the prime factors of 8283174?
2, 3, 23, 193, 311
List the prime factors of 3255113.
41, 79393
What are the prime factors of 2151345?
3, 5, 7, 2927
What are the prime factors of 3520396?
2, 11, 19, 4211
List the prime factors of 7374868.
2, 107, 17231
What are the prime factors of 217347?
3, 13, 5573
List the prime factors of 195064.
2, 37, 659
What are the prime factors of 1694510?
2, 5, 239, 709
List the prime factors of 129276.
2, 3, 7, 19
List the prime factors of 2774452.
2, 383, 1811
What are the prime factors of 432976?
2, 27061
List the prime factors of 1731017.
193, 8969
What are the prime factors of 760904?
2, 227, 419
What are the prime factors of 296004?
2, 3, 17, 1451
List the prime factors of 57136.
2, 3571
List the prime factors of 35898134.
2, 61, 294247
List the prime factors of 1897479.
3, 31, 2267
What are the prime factors of 78713?
78713
List the prime factors of 508908.
2, 3, 42409
List the prime factors of 6708846.
2, 3, 17, 53, 73
List the prime factors of 3247878.
2, 3, 107, 5059
List the prime factors of 544133.
544133
What are the prime factors of 217126?
2, 7, 13, 1193
What are the prime factors of 2689454?
2, 1344727
What are the prime factors of 1608896?
2, 23, 1093
List the prime factors of 5889591.
3, 2693
List the prime factors of 1168539.
3, 389513
List the prime factors of 23085916.
2, 7, 824497
List the prime factors of 14555442.
2, 3, 11, 220537
What are the prime factors of 2071198?
2, 1035599
What are the prime factors of 1466898?
2, 3, 41, 67, 89
What are the prime factors of 175919?
175919
What are the prime factors of 6007443?
3, 13, 17, 41
List the prime factors of 222459.
3, 29, 2557
What are the prime factors of 255393?
3, 1051
List the prime factors of 1001209.
11, 91019
List the prime factors of 988484.
2, 7, 43, 821
List the prime factors of 17269.
7, 2467
List the prime factors of 16004856.
2, 3, 7, 95267
What are the prime factors of 151829?
19, 61, 131
List the prime factors of 643540.
2, 5, 23, 1399
What are the prime factors of 3058277?
547, 5591
List the prime factors of 1649290.
2, 5, 131, 1259
What are the prime factors of 467047?
7, 66721
What are the prime factors of 75450?
2, 3, 5, 503
List the prime factors of 3885536.
2, 29, 53, 79
List the prime factors of 9593300.
2, 5, 23, 43, 97
List the prime factors of 3208418.
2, 37, 191, 227
What are the prime factors of 912019?
19, 23, 2087
List the prime factors of 1371700.
2, 5, 11, 29, 43
List the prime factors of 2945420.
2, 5, 17, 8663
What are the prime factors of 810373?
17, 73, 653
List the prime factors of 1209028.
2, 47, 59, 109
What are the prime factors of 396862?
2, 31, 37, 173
List the prime factors of 359236.
2, 89809
What are the prime factors of 886000?
2, 5, 443
What are the prime factors of 7088859?
3, 41, 19211
What are the prime factors of 7747886?
2, 17, 181, 1259
What are the prime factors of 55499?
19, 23, 127
List the prime factors of 11740462.
2, 43, 211, 647
What are the prime factors of 9223312?
2, 7, 82351
What are the prime factors of 25413029?
25413029
List the prime factors of 7025192.
2, 29, 107, 283
What are the prime factors of 1717298?
2, 11, 78059
What are the prime factors of 8849561?
7, 67, 18869
List the prime factors of 115572.
2, 3, 9631
List the prime factors of 715310.
2, 5, 233, 307
What are the prime factors of 2551015?
5, 510203
What are the prime factors of 2135437?
617, 3461
List the prime factors of 1059308.
2, 264827
What are the prime factors of 3417077?
3417077
What are the prime factors of 1183478?
2, 591739
What are the prime factors of 226892?
2, 131, 433
What are the prime factors of 5164975?
5, 41, 5039
List the prime factors of 4918275.
3, 5, 21859
List the prime factors of 2548017.
3, 83, 379
What are the prime factors of 30480?
2, 3, 5, 127
What are the prime factors of 4916179?
17, 17011
What are the prime factors of 2568068?
2, 223, 2879
What are the prime factors of 14952999?
3, 4984333
List the prime factors of 308084.
2, 7, 11003
What are the prime factors of 490908?
2, 3, 11, 3719
What are the prime factors of 34606?
2, 11, 13
List the prime factors of 4204089.
3, 155707
What are the prime factors of 753578?
2, 7, 19, 2833
What are the prime factors of 7025515?
5, 7, 181, 1109
What are the prime factors of 2012934?
2, 3, 7, 11, 4357
What are the prime factors of 59032?
2, 47, 157
List the prime factors of 837728.
2, 47, 557
What are the prime factors of 65166?
2, 3, 10861
List the prime factors of 524220.
2, 3, 5, 8737
List the prime factors of 4193477.
409, 10253
List the prime factors of 72076.
2, 37, 487
What are the prime factors of 1029886?
2, 11, 13, 277
What are the prime factors of 3879969?
3, 1293323
What are the prime factors of 55001?
55001
What are the prime factors of 420951?
3, 140317
What are the prime factors of 5107504?
2, 19, 53, 317
What are the prime factors of 174949?
137, 1277
List the p